{"id":9,"date":"2021-08-15T13:38:56","date_gmt":"2021-08-15T13:38:56","guid":{"rendered":"http:\/\/anesteziologie-tabor.cz\/?page_id=9"},"modified":"2021-09-26T18:33:18","modified_gmt":"2021-09-26T18:33:18","slug":"sluzby-a-cenik","status":"publish","type":"page","link":"http:\/\/anesteziologie-tabor.cz\/?page_id=9","title":{"rendered":"Slu\u017eby"},"content":{"rendered":"\n<ul class=\"wp-block-list\"><li><em><strong>anestezie :<\/strong><\/em><em> anestezie (tzv.celkov\u00e1 anestezie, narkoza) &#8211; u v\u0161ech typ\u016f \u201emal\u00fdch\u201c \u010di \u201evelk\u00fdch\u201c<\/em><\/li><\/ul>\n\n\n\n<p><em>operac\u00ed ve v\u0161ech typech zdravotnick\u00fdch za\u0159\u00edzen\u00ed v&nbsp;okrese \u010di mimo okres,vybaven\u00fdch p\u0159edepsanou p\u0159\u00edstrojovou ,l\u00e9kovou a l\u016f\u017ekovou kapacitou,obvykle n\u00e1sledov\u00e1na hospitalizac\u00ed<\/em><\/p>\n\n\n\n<p><em><strong>detaily : <\/strong><\/em><em>viz odborn\u00e1 problematika a cen\u00edk<\/em><\/p>\n\n\n\n<ul class=\"wp-block-list\"><li><em><strong>sedace p\u0159i v\u011bdom\u00ed : <\/strong><\/em><em>anesteziologick\u00e1 technika spo\u010d\u00edvaj\u00edc\u00ed v&nbsp;aplikaci farmak ovliv\u0148uj\u00edc\u00edch vn\u00edm\u00e1n\u00ed<\/em><\/li><\/ul>\n\n\n\n<p><em>p\u0159ed tzv. mal\u00fdmi chirurgick\u00fdmi v\u00fdkony( kosmetick\u00e9 z\u00e1kroky,varixy,hemeroidy,excise,tetov\u00e1\u017e,piercing) a zubn\u00edmi v\u00fdkony,prov\u00e1d\u00ed se p\u0159\u00edmo na pracovi\u0161ti ,nap\u0159. v&nbsp;zuba\u0159sk\u00e9m k\u0159esle,bez nutnosti hospitalizace<\/em><\/p>\n\n\n\n<p><em><strong>detaily :<\/strong><\/em><em> viz odborn\u00e1 problematika a cen\u00edk<\/em><\/p>\n\n\n\n<ul class=\"wp-block-list\"><li><em><strong>analgosedace p\u0159i v\u011bdom\u00ed : <\/strong><\/em><em>obdoba <\/em><em><strong>sedace p\u0159i v\u011bdom\u00ed <\/strong><\/em><em>(viz v\u00fd\u0161e), metoda je dopln\u011bna o<\/em><\/li><\/ul>\n\n\n\n<p><em>analgetickou slo\u017eku (ovlivn\u011bn\u00ed vn\u00edm\u00e1n\u00ed bolesti) p\u0159i zvl\u00e1\u0161\u0165 bolestiv\u00fdch v\u00fdkonech,bez nutnosti hospitalizace<\/em><\/p>\n\n\n\n<p><em><strong>detaily: <\/strong><\/em><em>viz odborn\u00e1 problematika a cen\u00edk<\/em><\/p>\n\n\n\n<ul class=\"wp-block-list\"><li><em><strong>p\u0159edopera\u010dn\u00ed anesteziologick\u00e9 vy\u0161et\u0159en\u00ed a p\u0159\u00edprava :<\/strong><\/em><em> kompletn\u00ed odborn\u00e1 p\u0159\u00edprava<\/em><\/li><\/ul>\n\n\n\n<p><em>anesteziologem k&nbsp;opera\u010dn\u00edm v\u00fdkon\u016fm v\u0161ech typ\u016f ( biochemick\u00e9 a propedeutick\u00e9 vy\u0161et\u0159en\u00ed,doporu\u010den\u00ed anesteziologick\u00fdch postup\u016f a metod,ur\u010den\u00ed anesteziologick\u00e9ho rizika v&nbsp;z\u00e1vislosti na zdravotn\u00edm stavu a charakteru opera\u010dn\u00edho v\u00fdkonu,stabilizace chronick\u00fdch chorob)<\/em><\/p>\n\n\n\n<p><em><strong>detaily :<\/strong><\/em><em> viz odborn\u00e1 problematika a cen\u00edk<\/em><\/p>\n\n\n\n<p><em>&#8211; <\/em><em><strong>kurzy a \u0161kolen\u00ed : <\/strong><\/em><em>pro instituce,organizace,podniky,\u0161koly,auto\u0161koly, apod.,t\u00e9matika p\u0159ednemocni\u010dn\u00ed neodkladn\u00e1 p\u00e9\u010de,po dohod\u011b jak\u00e1koliv zdravotnick\u00e1 problematika<\/em><\/p>\n\n\n\n<p><em><strong>detaily : <\/strong><\/em><em>viz odborn\u00e1 problematika a cen\u00edk<\/em><\/p>\n\n\n\n<ul class=\"wp-block-list\"><li><em><strong>zaji\u0161\u0165ov\u00e1n\u00ed zdravotnick\u00e9ho (anesteziologick\u00e9ho) dozoru : <\/strong><\/em><em>v\u011bt\u0161ina kulturn\u00edch ,sportovn\u00edch a<\/em><\/li><\/ul>\n\n\n\n<p><em>jin\u00fdch spole\u010densk\u00fdch ud\u00e1lost\u00ed m\u00e1 p\u0159edeps\u00e1n zdravotnick\u00fd dohled<\/em><\/p>\n\n\n\n<p><strong>detaily : <\/strong><em>viz odborn\u00e1 problematika a cen\u00edk<\/em><\/p>\n\n\n\n<p><em>&#8211; <\/em><em><strong>institut rodinn\u00e9ho l\u00e9ka\u0159e : <\/strong><\/em><em>v&nbsp;minulosti i v&nbsp;na\u0161ich zem\u00edch b\u011b\u017en\u00e1 praxe,kterou dnes oce\u0148uj\u00ed sp\u00ed\u0161e v&nbsp;zahrani\u010d\u00ed ( n\u00e1vrat l\u00e9ka\u0159e a\u017e do d\u016fv\u011brn\u00e9ho prost\u0159ed\u00ed rodiny za \u00fa\u010delem co nejkvalitn\u011bj\u0161\u00ed diagnosticko-terapeutick\u00e9 orientace)<\/em><\/p>\n\n\n\n<p><em><strong>detaily : <\/strong><\/em><em>viz odborn\u00e1 problematika a cen\u00edk<\/em><\/p>\n\n\n\n<p><em>&#8211;<strong> druh\u00fd n\u00e1zor : <\/strong><\/em><em>pr\u00e1vo pacienta (klienta) na tzv. \u201cdruh\u00fd n\u00e1zor \u201e (tzn. odborn\u00fd n\u00e1zor jin\u00e9ho l\u00e9ka\u0159e) za\u010d\u00edn\u00e1 u\u017e i u n\u00e1s b\u00fdt opatrn\u011b p\u0159ij\u00edm\u00e1no, zde je nab\u00edzena jednoduch\u00e1 mo\u017enost prost\u0159ednictv\u00edm elektronick\u00e9 po\u0161ty<\/em><\/p>\n\n\n\n<p><em><strong>detaily : <\/strong><\/em><em>viz odborn\u00e1 problematika a cen\u00edk<\/em><\/p>\n\n\n\n<p><em>&#8211; \u0161irok\u00e1 <\/em><em><strong>nab\u00eddka p\u0159\u00edrodn\u00edch produkt\u016f \u010d\u00ednsk\u00e9 medic\u00edny<\/strong><\/em><\/p>\n","protected":false},"excerpt":{"rendered":"<p>anestezie : anestezie (tzv.celkov\u00e1 anestezie, narkoza) &#8211; u v\u0161ech typ\u016f \u201emal\u00fdch\u201c \u010di \u201evelk\u00fdch\u201c operac\u00ed ve v\u0161ech typech zdravotnick\u00fdch za\u0159\u00edzen\u00ed v&nbsp;okrese \u010di mimo okres,vybaven\u00fdch p\u0159edepsanou p\u0159\u00edstrojovou ,l\u00e9kovou a l\u016f\u017ekovou kapacitou,obvykle n\u00e1sledov\u00e1na <a class=\"more-link\" href=\"http:\/\/anesteziologie-tabor.cz\/?page_id=9\">Continue Reading &rarr;<\/a><\/p>\n","protected":false},"author":2,"featured_media":0,"parent":0,"menu_order":0,"comment_status":"closed","ping_status":"closed","template":"","meta":{"footnotes":""},"class_list":["post-9","page","type-page","status-publish","hentry"],"_links":{"self":[{"href":"http:\/\/anesteziologie-tabor.cz\/index.php?rest_route=\/wp\/v2\/pages\/9","targetHints":{"allow":["GET"]}}],"collection":[{"href":"http:\/\/anesteziologie-tabor.cz\/index.php?rest_route=\/wp\/v2\/pages"}],"about":[{"href":"http:\/\/anesteziologie-tabor.cz\/index.php?rest_route=\/wp\/v2\/types\/page"}],"author":[{"embeddable":true,"href":"http:\/\/anesteziologie-tabor.cz\/index.php?rest_route=\/wp\/v2\/users\/2"}],"replies":[{"embeddable":true,"href":"http:\/\/anesteziologie-tabor.cz\/index.php?rest_route=%2Fwp%2Fv2%2Fcomments&post=9"}],"version-history":[{"count":4,"href":"http:\/\/anesteziologie-tabor.cz\/index.php?rest_route=\/wp\/v2\/pages\/9\/revisions"}],"predecessor-version":[{"id":30,"href":"http:\/\/anesteziologie-tabor.cz\/index.php?rest_route=\/wp\/v2\/pages\/9\/revisions\/30"}],"wp:attachment":[{"href":"http:\/\/anesteziologie-tabor.cz\/index.php?rest_route=%2Fwp%2Fv2%2Fmedia&parent=9"}],"curies":[{"name":"wp","href":"https:\/\/api.w.org\/{rel}","templated":true}]}}