{"id":7,"date":"2021-08-15T13:38:01","date_gmt":"2021-08-15T13:38:01","guid":{"rendered":"http:\/\/anesteziologie-tabor.cz\/?page_id=7"},"modified":"2021-09-26T18:29:19","modified_gmt":"2021-09-26T18:29:19","slug":"anesteziologie-tabor","status":"publish","type":"page","link":"https:\/\/anesteziologie-tabor.cz\/","title":{"rendered":"Anesteziologie T\u00e1bor"},"content":{"rendered":"\n<p class=\"has-text-align-left\"><strong>BOJ\u00cdTE SE ZUBA\u0158E ?<\/strong><\/p>\n\n\n\n<p class=\"has-text-align-left\"><strong>P\u0158IPRAVUJETE SE K&nbsp;OPERACI ?<\/strong><\/p>\n\n\n\n<p class=\"has-text-align-left\"><strong>ORGANIZUJETE ZDRAVOTNICK\u00c1 \u0160KOLEN\u00cd?<\/strong><\/p>\n\n\n\n<p class=\"has-text-align-left\"><strong>VYU\u017dIJTE SLU\u017dEB NEST\u00c1TN\u00cdHO ZDRAVOTN\u00cdHO ZA\u0158\u00cdZEN\u00cd<\/strong><\/p>\n","protected":false},"excerpt":{"rendered":"<p>BOJ\u00cdTE SE ZUBA\u0158E ? P\u0158IPRAVUJETE SE K&nbsp;OPERACI ? ORGANIZUJETE ZDRAVOTNICK\u00c1 \u0160KOLEN\u00cd? VYU\u017dIJTE SLU\u017dEB NEST\u00c1TN\u00cdHO ZDRAVOTN\u00cdHO ZA\u0158\u00cdZEN\u00cd<\/p>\n","protected":false},"author":2,"featured_media":0,"parent":0,"menu_order":0,"comment_status":"closed","ping_status":"closed","template":"","meta":{"footnotes":""},"class_list":["post-7","page","type-page","status-publish","hentry"],"_links":{"self":[{"href":"https:\/\/anesteziologie-tabor.cz\/index.php?rest_route=\/wp\/v2\/pages\/7","targetHints":{"allow":["GET"]}}],"collection":[{"href":"https:\/\/anesteziologie-tabor.cz\/index.php?rest_route=\/wp\/v2\/pages"}],"about":[{"href":"https:\/\/anesteziologie-tabor.cz\/index.php?rest_route=\/wp\/v2\/types\/page"}],"author":[{"embeddable":true,"href":"https:\/\/anesteziologie-tabor.cz\/index.php?rest_route=\/wp\/v2\/users\/2"}],"replies":[{"embeddable":true,"href":"https:\/\/anesteziologie-tabor.cz\/index.php?rest_route=%2Fwp%2Fv2%2Fcomments&post=7"}],"version-history":[{"count":4,"href":"https:\/\/anesteziologie-tabor.cz\/index.php?rest_route=\/wp\/v2\/pages\/7\/revisions"}],"predecessor-version":[{"id":26,"href":"https:\/\/anesteziologie-tabor.cz\/index.php?rest_route=\/wp\/v2\/pages\/7\/revisions\/26"}],"wp:attachment":[{"href":"https:\/\/anesteziologie-tabor.cz\/index.php?rest_route=%2Fwp%2Fv2%2Fmedia&parent=7"}],"curies":[{"name":"wp","href":"https:\/\/api.w.org\/{rel}","templated":true}]}}